{"id":22,"date":"2014-07-18T06:44:34","date_gmt":"2014-07-18T04:44:34","guid":{"rendered":"http:\/\/www.solanus.bydgostia.org.pl\/?page_id=22"},"modified":"2021-04-17T14:50:01","modified_gmt":"2021-04-17T12:50:01","slug":"linki","status":"publish","type":"page","link":"https:\/\/solanus.bydgostia.org.pl\/index.php\/linki\/","title":{"rendered":"Linki"},"content":{"rendered":"<div class=\"m5\">\n<div class=\"text\">\n<div class=\"text\">Kujawsko-Pomorski Okr\u0119gowy Zwi\u0105zek \u017beglarski zaprasza na rejs z okazji 95-lecia \u017ceglarstwa na Kujawach i Pomorzu pod \u017cagle najwi\u0119kszego statku szkoleniowego w Polsce. B\u0119dzie to dwunastodniowy rejs na statku szkolnym DAR M\u0141ODZIE\u017bY, kt\u00f3ry odb\u0119dzie si\u0119 w dniach 14-26 marca 2012 roku na trasie Gdynia &#8211; Antwerpia. W rejsie b\u0119dzie bra\u0142o udzia\u0142 40 \u017ceglarzy. O zakwalifikowaniu decyduje kolejno\u015b\u0107 zg\u0142osze\u0144. <a href=\"http:\/\/www.kpozzbyd.org.pl\/\" target=\"_blank\" rel=\"noopener\">Wi\u0119cej informacji na stronie K-POZ\u017b<\/a><\/div>\n<div class=\"text\">\n<hr \/>\n<\/div>\n<\/div>\n<div class=\"text\"><strong>Archiwum<\/strong><\/div>\n<div class=\"text\">\n<ul>\n<li><a href=\"http:\/\/www.bydgostia.org.pl\/grenlandia2003\/\">Rejs Polarny Grenlandia 2003<\/a><\/li>\n<li><a href=\"http:\/\/pl.wikipedia.org\/wiki\/SY_Solanus\">s\/y Solanus &#8211; Wikipedia<\/a><\/li>\n<\/ul>\n<p><strong>&#8212;&#8212;&#8212;&#8212;&#8212;&#8212;&#8212;&#8212;&#8212;&#8212;&#8212;&#8212;&#8212;&#8212;&#8212;&#8212;&#8212;&#8212;&#8212;&#8212;&#8212;&#8212;&#8212;&#8212;&#8212;&#8212;&#8212;&#8212;&#8212;&#8212;<\/strong><\/p>\n<p><script src=\"http:\/\/www.miastomuzyki.pl\/outerplayer.js\" type=\"text\/javascript\"><\/script><br \/>\n<a href=\"#\"><img loading=\"lazy\" decoding=\"async\" src=\"http:\/\/www.miastomuzyki.pl\/img\/gadzety\/players\/szanty.gif\" alt=\"Pos\u0142uchaj miastomuzyki.pl :: RMF SZANTY\" width=\"182\" height=\"86\" border=\"0\" \/><\/a><\/p>\n<p><strong>Prognozy pogody<\/strong><\/p>\n<p><span style=\"text-decoration: underline;\">Pogoda (mi\u0119dzy innymi) na Ba\u0142tyku<\/span><\/p>\n<ul>\n<li><a href=\"http:\/\/meteo.icm.edu.pl\/\">Numeryczna Prognoza Pogody<\/a> &#8211; \u017ar\u00f3d\u0142o zadziwiaj\u0105co trafnych prognoz<\/li>\n<li><a href=\"http:\/\/www.imgw.pl\/\">Instytut Meteorologii i Gospodarki Wodnej<\/a> &#8211; nie wymaga komentarza<\/li>\n<li><a href=\"http:\/\/www.intellicast.com\/IcastPage\/LoadPage.aspx?loc=usa&amp;seg=IntlSat&amp;prodgrp=World&amp;product=World&amp;prodnav=none\">Intellicast World Weather<\/a> &#8211; globalna prognoza pogody<\/li>\n<li><a href=\"http:\/\/pogoda.wp.pl\/\">National Data Buoy Center<\/a> &#8211; aktualna prognoza dla W. Brytanii, Irlandii i Morza P\u00f3\u0142nocnego<\/li>\n<li><a href=\"http:\/\/www.meto.gov.uk\/\">Met Office<\/a> &#8211; pogoda dla Wielkiej Brytanii i okolic<\/li>\n<li><a href=\"http:\/\/weather.mercurynews.com\/MAR\/eum.html\">MercuryNews Marine Weather<\/a> &#8211; prognoza pogody wzbogacona o informacje o zafalownaiu<\/li>\n<li><a href=\"http:\/\/edition.cnn.com\/WEATHER\/\">CNN Weather Forecast<\/a> &#8211; w miar\u0119 dobra globalna prognoza pogody<\/li>\n<li><a href=\"http:\/\/www.wunderground.com\/cgi-bin\/findweather\/getForecast?query=polska\">Wunderground.com<\/a> &#8211; lepsza prognoza od tej z CNN<\/li>\n<li><a href=\"http:\/\/pogoda.onet.pl\/\">Pogoda na Onet.pl<\/a> &#8211; bez komentarza<\/li>\n<li><a href=\"http:\/\/ice-glaces.ec.gc.ca\/app\/WsvPrdCanQry.cfm?subID=2003&amp;Lang=eng\" target=\"_blank\" rel=\"noopener\">zalodzenie<\/a> m.in. przej\u015bcia p\u00f3\u0142nocno-zachodniego<\/li>\n<\/ul>\n<p><span style=\"text-decoration: underline;\">Mapy baryczne<\/span><\/p>\n<ul>\n<li><a href=\"http:\/\/wxmaps.org\/pix\/euro.slp.html\">Dobra mapa baryczna dla Europy<\/a><\/li>\n<\/ul>\n<p><span style=\"text-decoration: underline;\">Zafalowanie Ba\u0142tyku<\/span><\/p>\n<ul>\n<li><a href=\"http:\/\/falowanie.icm.edu.pl\/polish\/wavefrcst.html\">Numeryczna prognoza Falowania Ba\u0142tyku<\/a><\/li>\n<\/ul>\n<p><strong>Nawigacja<\/strong><\/p>\n<p><span style=\"text-decoration: underline;\">Maritime Safety Information by National Geospatial-Intelligence Agency<\/span><\/p>\n<ul>\n<li><a href=\"http:\/\/www.nga.mil\/portal\/site\/maritime\/\">Strona po\u015bwi\u0119cona bezpiecze\u0144stwu \u017ceglugi<\/a> &#8211; warto zapozna\u0107 si\u0119 z zawarto\u015bci\u0105 dzia\u0142u Nautical Calculators. Kopalnia wiedzy. Rewelacja!<\/li>\n<\/ul>\n<p><span style=\"text-decoration: underline;\">Przeliczenia czasowe GMT<\/span><\/p>\n<ul>\n<li><a href=\"http:\/\/wwp.greenwichmeantime.com\/\">Greenwich Mean Time<\/a><\/li>\n<\/ul>\n<p><span style=\"text-decoration: underline;\">The Nautical Almanac (oblczanie GHA oraz d &#8211; s\u0142o\u0144ca i gwiazd)<\/span><\/p>\n<ul>\n<li><a href=\"http:\/\/www.tecepe.com.br\/nav\">http:\/\/www.tecepe.com.br\/nav<\/a><\/li>\n<\/ul>\n<p><span style=\"text-decoration: underline;\">Astronawigacja<\/span><\/p>\n<ul>\n<li><a href=\"http:\/\/www.stellarium.org\/\">Stellarium<\/a> &#8211; masz notebooka na jachcie? Dzi\u0119ki temu programowi b\u0119dziesz przynajmniej zna\u0142 kierunek&#8230; \ud83d\ude09<\/li>\n<\/ul>\n<p><span style=\"text-decoration: underline;\">Biuro hydrograficzne Marynarki Wojennej &#8211; Wydawnictwo Map<\/span><\/p>\n<ul>\n<li><a href=\"http:\/\/bhmw.mw.mil.pl\/index.php?akcja=Archiwum\">http:\/\/bhmw.mw.mil.pl\/index.php?akcja=Archiwum<\/a><\/li>\n<\/ul>\n<p><span style=\"text-decoration: underline;\">Spis \u015bwiate\u0142 (angielska wersja)<\/span><\/p>\n<ul>\n<li><a href=\"http:\/\/pollux.nss.nga.mil\/pubs\/\">http:\/\/pollux.nss.nga.mil\/pubs\/<\/a><\/li>\n<\/ul>\n<p><span style=\"text-decoration: underline;\">Ministerstwo Gospodarki Morskiej<\/span><\/p>\n<ul>\n<li><a href=\"http:\/\/www.mgm.gov.pl\/\">www.mgm.gov.pl<\/a><\/li>\n<\/ul>\n<\/div>\n<\/div>\n","protected":false},"excerpt":{"rendered":"<p>Kujawsko-Pomorski Okr\u0119gowy Zwi\u0105zek \u017beglarski zaprasza na rejs z okazji 95-lecia \u017ceglarstwa na Kujawach i Pomorzu pod \u017cagle najwi\u0119kszego statku szkoleniowego w Polsce. B\u0119dzie to dwunastodniowy rejs na statku szkolnym DAR&#8230;<\/p>\n","protected":false},"author":1,"featured_media":0,"parent":0,"menu_order":0,"comment_status":"closed","ping_status":"closed","template":"","meta":{"footnotes":""},"class_list":["post-22","page","type-page","status-publish","hentry"],"_links":{"self":[{"href":"https:\/\/solanus.bydgostia.org.pl\/index.php\/wp-json\/wp\/v2\/pages\/22","targetHints":{"allow":["GET"]}}],"collection":[{"href":"https:\/\/solanus.bydgostia.org.pl\/index.php\/wp-json\/wp\/v2\/pages"}],"about":[{"href":"https:\/\/solanus.bydgostia.org.pl\/index.php\/wp-json\/wp\/v2\/types\/page"}],"author":[{"embeddable":true,"href":"https:\/\/solanus.bydgostia.org.pl\/index.php\/wp-json\/wp\/v2\/users\/1"}],"replies":[{"embeddable":true,"href":"https:\/\/solanus.bydgostia.org.pl\/index.php\/wp-json\/wp\/v2\/comments?post=22"}],"version-history":[{"count":4,"href":"https:\/\/solanus.bydgostia.org.pl\/index.php\/wp-json\/wp\/v2\/pages\/22\/revisions"}],"predecessor-version":[{"id":337,"href":"https:\/\/solanus.bydgostia.org.pl\/index.php\/wp-json\/wp\/v2\/pages\/22\/revisions\/337"}],"wp:attachment":[{"href":"https:\/\/solanus.bydgostia.org.pl\/index.php\/wp-json\/wp\/v2\/media?parent=22"}],"curies":[{"name":"wp","href":"https:\/\/api.w.org\/{rel}","templated":true}]}}